(-2)/(s - -2). Suppose -t = -3*q + 3. Calculate the greatest common divisor of 4 and q.
2
Let k be 2 - (6 + -4) - -4 - -20. Calculate the greatest common divisor of k and 264.
24
Let w(l) = 11*l + 24. Let m(y) = 32*y + 73. Let i(j) = -3*m(j) + 8*w(j). Let h be i(-6). Let p = -6 - -13. What is the highest common divisor of h and p?
7
Suppose -y - d = -0*d - 65, -4*y + 4*d + 268 = 0. Calculate the greatest common divisor of 858 and y.
66
Suppose 2*s = 0, -c = -3*s - 489 - 162. Calculate the highest common divisor of c and 465.
93
Let t be -1*(-1)/((-1)/(-91)). Let p be (43/(-129))/((-2)/78). Calculate the highest common divisor of p and t.
13
Let q(m) = 393*m - 128. Let z be q(2). Calculate the greatest common factor of 14 and z.
14
Suppose -t - 2*r + 5 = 0, -3*r + 1 = 3*t - 11. Suppose -t*p + 154 = -116. Calculate the highest common divisor of 10 and p.
10
Let k(s) = -2*s**3 - 11*s**2 + 17*s - 20. Let u be k(-7). Suppose -5*f - 62 = -3*t + 10, -24 = -t - 4*f. What is the highest common divisor of t and u?
8
Let c be (-4)/(-16)*-10*16/20. Let u be (-5 - c) + -2 - -73. What is the greatest common factor of 17 and u?
17
Let p(o) = o**2 + 2*o - 1. Let v be 18/(-15)*10/(-3). Let y be p(v). Let u = y - 6. What is the highest common factor of 119 and u?
17
Suppose 19 = 9*p - 1151. What is the greatest common divisor of 1105 and p?
65
Suppose -q = -3*n - 0*q + 5, n + 4*q = -7. What is the highest common divisor of 7 and n?
1
Let x be 0 - (14 - 4)/(-1). What is the greatest common factor of x and 105?
5
Suppose -4*w + 8 = -k, 10 = -3*k - 2. Suppose 2*i - 3*n = -4*n + 7, 5*n = -4*i - 1. Calculate the greatest common factor of i and w.
1
Let i be 18/(-4)*(-4)/9. Let h(n) = n**3 - n**2 + n - 1. Let y be h(3). Calculate the highest common factor of i and y.
2
Let f(i) be the second derivative of i**4/12 - i**3/6 - 9*i**2/2 - 17*i. Let c be f(-4). Calculate the greatest common divisor of 99 and c.
11
Let j = -251 + 346. Calculate the greatest common divisor of 19 and j.
19
Suppose 5 - 47 = q. Let b = 63 + q. Let u be (-4)/(-6) + 70/b. Calculate the highest common divisor of u and 1.
1
Let a(f) = -7*f - 35. Let c be a(-5). Suppose c = -9*w + 91 + 44. What is the greatest common divisor of w and 9?
3
Suppose -5*f = -5*v - 830, 206 = -2*f - v + 553. What is the greatest common factor of 9 and f?
9
Suppose 2*k = -3*a + 338, -3*a - 3*k + 458 = 119. Let z = -29 - -57. Calculate the highest common divisor of z and a.
28
Let l(g) = -g**2 - 6*g - 2. Let v be l(-5). Suppose v*k - 86 = 2*k. Let b = 176 - k. What is the highest common factor of b and 10?
10
Let a(s) = s**3 - 13*s**2 + 26*s + 43. Let l be a(10). Let j = -15 + 7. Let t be 86/4 - (-4)/j. Calculate the greatest common factor of t and l.
3
Let w(c) = -99*c. Let p be w(-2). Suppose -5*l + 72 = -l. Suppose -m + 0 = -l. Calculate the greatest common divisor of p and m.
18
Let k be (-165)/(-66) - (-3)/(-2). What is the greatest common factor of 19 and k?
1
Let c(j) = -j**3 - 7*j**2 - 8*j - 9. Let m be c(-6). Let z = 538 + -523. What is the greatest common factor of m and z?
3
Let z be 19*2 + (4 - 4). Suppose -z = -4*a + 30. Suppose 0 = 2*t + v - 233 - 7, 2*v = -2*t + 242. What is the greatest common factor of a and t?
17
Suppose 0 = w - 2*x - 90, 0 = 3*w - 5*x - 90 - 179. Suppose 2*k = i - 2*i + 14, -3*i + k + 21 = 0. What is the greatest common factor of i and w?
8
Let o(w) = -2*w - 7 - w**3 - 9*w - 8*w**2 + 0*w**2. Let b be o(-7). Calculate the highest common factor of 14 and b.
7
Let r = 3 - -1. Suppose -r*p + 2*p = -594. Calculate the greatest common factor of p and 27.
27
Let h(w) = -5*w**3 - 3*w**2 - 3*w + 1. Let i be h(-3). Let a = i + -100. Calculate the greatest common factor of a and 18.
18
Let s be -281 + 3/(1 + -4). Let i be (-8)/10 + s/(-15). Suppose 0*f - i = -3*f. What is the greatest common divisor of f and 15?
3
Let a(p) = 3*p - 9. Let g be a(9). Suppose -8 = -s - 1. Suppose 115 - s = o. Calculate the greatest common factor of g and o.
18
Suppose 0 = 20*j - 23*j + 21. Suppose -2*k + 16 = 5*o, -3*k + j = -0*o - o. What is the greatest common factor of o and 2?
2
Suppose 202 + 610 = 14*o. What is the highest common divisor of o and 10?
2
Let i(f) = 2*f**3 - f**2 - f - 6. Let x be i(2). What is the highest common divisor of 212 and x?
4
Let i(y) = -7*y - 153. Let v be i(-23). Calculate the greatest common factor of v and 10.
2
Suppose 36*q - 850 - 338 = 0. Calculate the highest common factor of q and 176.
11
Suppose 2*g = -0*g + 112. Suppose 37 = 18*x - 1475. What is the greatest common factor of g and x?
28
Let s be 4/(-8)*0 - -234. Let m be 4/(-12) - 395/(-15). What is the greatest common factor of s and m?
26
Let b = 14 - 10. Let w be b/(-3)*24 - -2. Let h = w - -130. Calculate the greatest common factor of 40 and h.
20
Let v(a) be the second derivative of a**4/3 + 7*a**3/6 + 4*a**2 + a. Let r = -11 + 7. Let u be v(r). Calculate the greatest common divisor of 4 and u.
4
Let h(n) be the first derivative of n**2/2 - 14*n + 5. Let t be h(12). Let i be t/((16/26)/(-4)). Calculate the greatest common factor of 65 and i.
13
Let h(p) = p**3 - p**2 + 2*p - 5. Let a be h(4). Suppose 7*b - 33*b + 3876 = 31*b. What is the greatest common factor of b and a?
17
Let u = 152 - 96. Calculate the greatest common factor of 8 and u.
8
Let j be 6*(51/6 + -7). What is the greatest common divisor of 27 and j?
9
Let y(p) = -52*p + 524. Let r be y(9). What is the highest common factor of 160 and r?
8
Let n be (2 + 0)*(1 - 14/(-4)). Suppose 2*r - 6*r = -5*q - 23, r + 2*q - n = 0. Calculate the greatest common divisor of 7 and r.
7
Let n be ((-136)/3)/(((-8)/(-12))/(-1)). What is the greatest common factor of 102 and n?
34
Suppose 5*c - 15 - 39 = -3*v, 4*v + 5*c = 72. What is the greatest common factor of v and 198?
18
Let d(m) = m**3 + 26*m**2 + 46*m - 28. Let s be d(-24). Suppose w + 400 = 3*w. Suppose b + w = 5*b. What is the greatest common divisor of s and b?
10
Let j be ((-5)/1)/(-5)*16/4. Suppose -28 + 8 = -j*c. Let x(q) = -16*q**3 + q. Let f be x(-1). What is the greatest common factor of f and c?
5
Let f = 36 - 23. Let l be (9/(-12))/(1/(-4)). Suppose 0 = g - l*g + 3*s + 133, -5*g + 326 = -s. Calculate the greatest common divisor of f and g.
13
Suppose -22*g = -5*k - 18*g + 170, 3*k + 3*g - 129 = 0. What is the greatest common factor of 418 and k?
38
Suppose 10 = -4*m + 74. Suppose 5*l = 4*l + m. Let q = -52 - -60. What is the highest common divisor of q and l?
8
Suppose n - 84 = -54. Let s(u) = 2*u**2 + 4*u - 2. Let v be s(-5). Let p = v + 47. Calculate the greatest common factor of n and p.
15
Suppose 3*o + 4*c = 433, -3*c + 288 = -0*o + 2*o. Calculate the greatest common divisor of 196 and o.
49
Let m = -46 - 14. Let c = m - -88. Calculate the greatest common divisor of c and 7.
7
Let l be -3*((-9163)/735 + (-2)/10). What is the greatest common divisor of l and 171?
19
Suppose 7*m - 2*m - 15 = 0. Suppose 0 = 3*k - m - 39. What is the highest common divisor of k and 14?
14
Let k(i) = -2*i**3 + 17*i**2 - 8*i + 7. Let z be k(8). Calculate the highest common divisor of z and 77.
7
Let h = 4721 + -4696. Let t(r) = -r**3 + 7*r**2 - 2*r + 1. Let o be t(6). Calculate the highest common divisor of h and o.
25
Let v(w) = -w**3 - 23*w**2 + 2*w + 56. Let i be v(-23). What is the highest common divisor of i and 250?
10
Let r(d) = d**3 - d**2 + 2*d - 3. Let g be r(3). Suppose 147 = 3448*t - 3441*t. Calculate the highest common divisor of g and t.
21
Let w(k) = 13*k - 44. Let h be w(12). Suppose -5*r + 31 = 3*l, l = -5*r - 5 + 22. Calculate the highest common factor of h and l.
7
Suppose -9*h + 7*h = -252. Suppose -2*p - 47 = 97. Let r = h + p. What is the greatest common factor of r and 6?
6
Let a = -313 - -333. What is the greatest common divisor of 12 and a?
4
Suppose 2*a = 3*z - 6, -3*z + 9*a - 4*a + 6 = 0. Suppose -b - 667 = -4*h, -z*h - 3*h = -4*b - 820. What is the highest common divisor of 42 and h?
42
Let z = -13 - -14. Let m = 0 + 2. Let o be m + 145 - -3*z. Calculate the greatest common divisor of o and 60.
30
Let q be ((-12)/(-10))/((-12)/(-180)). Suppose -17*v = -14*v - q. Calculate the greatest common divisor of v and 2.
2
Let m(k) = k**3 - 4*k**2 - 5*k - 40. Let t be m(7). What is the highest common fact